**2 + r**3 + w*r**2 + 48*r**2 + 2 + 0. What is h(-6)?
14
Let b = 55 + -49. Let m(u) = u**2 - 8*u + 6. Let g(w) = -2*w**2 + 16*w - 13. Let i(j) = -3*g(j) - 5*m(j). Calculate i(b).
-3
Suppose 31 = 4*y - 5*v, -5*y - 2*v + 27 = 13. Let d(a) = a**2 - 3. Give d(y).
13
Let a = 293 + -295. Let x(z) = -5*z**2 - z - 1. What is x(a)?
-19
Let h(w) = -3 + 2*w - 3*w - w + 3*w. Let l(u) = 6*u**3 + u**2 - 4*u - 3. Let x be l(-2). Let m = x + 34. Give h(m).
-8
Let u(p) = -13*p**2 - 15*p + 3. Suppose 3*g - 9 = -21. Let k(j) = 6*j**2 + 7*j - 1. Let a(i) = g*u(i) - 9*k(i). What is a(-2)?
-5
Let i = 40 + -27. Suppose b + d - i = 3*b, -3*d = -4*b - 29. Let y(g) be the first derivative of -3*g**2/2 - 7*g + 1. Calculate y(b).
8
Let y(h) = -4*h + 636*h**2 - 637*h**2 - 1 + 7*h. What is y(2)?
1
Suppose 18*n - 385 = -37*n. Let b(d) = d**3 - 6*d**2 - 11*d + 8. What is b(n)?
-20
Let l(i) = -7*i - 9. Let f(u) = -5*u - 7. Let k(p) = -4*f(p) + 3*l(p). Let y = 48 + -29. Suppose -4*v + y = 5*g - 0*g, g + 2*v - 5 = 0. What is k(g)?
-2
Let f(z) be the first derivative of -z**7/840 + z**6/120 + z**5/30 - z**4/4 - z**3/3 + 11. Let y(o) be the third derivative of f(o). Give y(4).
-6
Suppose 4*p - 5 = -2*w + 5*p, 5*w - 3*p = 12. Let l(m) = 2*m**2 + m - 2. What is l(w)?
19
Let m = -5144 - -5139. Let l(c) = -c**2 - 8*c. Let y(i) = i - 1. Let u(t) = -l(t) - 3*y(t). Determine u(m).
3
Let k(z) be the third derivative of 1/12*z**5 + 0*z**3 + 5*z**2 + 0*z + 0 + 0*z**4. Give k(-1).
5
Suppose 2*g = -3*x - 1 - 6, -4*x - 2 = -g. Let r be (-34)/(-10) + 4/(-10). Let w(a) = r - 2 - 2 + a. Calculate w(g).
-3
Let g = 21 + -30. Let n(o) = 15*o**2 - 11. Let q(v) = 7*v**2 - 5. Let l = -46 + 50. Let w(u) = g*q(u) + l*n(u). Determine w(2).
-11
Let v(n) = 3*n**2 + 0*n**2 - 2*n**2 + 1. Let l = -347 + 348. What is v(l)?
2
Let n(x) be the third derivative of x**6/120 + x**5/12 - 7*x**3/6 - 61*x**2 - 2. Give n(-5).
-7
Let q(n) = 2*n + 4. Suppose -4*i - i = -r + 18, -r = -i - 6. Suppose -2*a - r = a. Let b be (-3)/a - (-4)/4. Determine q(b).
12
Let v = -111 + 105. Let y(k) = k - 4. Calculate y(v).
-10
Let k(t) = t**3 - 3*t**2 - t - 1. Suppose -22 = -2*b + 2*j, -4*b - 2*j + 80 = 12. Suppose 11*r - b = 6*r. Calculate k(r).
-4
Let t = -8 - -51. Let q = -39 + t. Let f(d) = -3*d - 3. What is f(q)?
-15
Let b(y) = -2*y**3 + y**2 - 1 + y**3 - 1 + 4*y. Suppose 4*i + 2*w = w + 65, 0 = -2*i - 3*w + 45. Let h be 119/28 - i/12. Determine b(h).
-8
Let h(l) = -l**2 + 6*l - 1. Suppose n + 0*n = 16. Suppose 4*g = -0 + n. Determine h(g).
7
Let g(b) = -b**2 + 6*b + 5. Suppose h + 8 = u, -16*u - 4*h + 10 = -14*u. Calculate g(u).
-2
Let t(s) = -2*s - 7. Let y(l) = l + 4. Let a(w) = -4*t(w) - 7*y(w). What is a(-3)?
-3
Let w(q) = q - 7. Let j be w(7). Let m(c) = j*c**2 + c**2 + 6 - 1 - 6*c + 0*c**2. What is m(6)?
5
Let b(d) = -d**2 - 7*d + 1. Let h(z) = 4*z**2 + 21*z + 2. Let j(t) = -3*b(t) - h(t). Give j(-4).
-21
Suppose -o = -0*o + 1. Let j(g) = -4*g - 3. Let b(y) = 8*y + 5. Suppose -6 = 2*f, s = -4*f + 5*f - 7. Let w(u) = s*j(u) - 6*b(u). What is w(o)?
8
Let k(a) = 0*a**3 - 18 + 190*a + a**3 - 189*a. What is k(0)?
-18
Suppose d - 8 = 3*x + 12, -4*d + 8 = 0. Let b be 6/2 + (x - -23). Suppose -b = 2*l - 3*f, 5*l + f + 12 = -4. Let a(z) = z**2 + 4*z. What is a(l)?
0
Suppose 0 = 6*b - 3*b + 3*o - 33, 0 = 2*b - 5*o + 6. Let v = b - 7. Let u(d) = -d**2 + 3*d**3 - 4*d**3 + v*d**3 - 6*d**2 - 4 - d. Determine u(-7).
3
Let r(u) = u**3 - 9*u**2 + 3*u - 7. Let w be (-40)/220 - -2*303/66. What is r(w)?
20
Let n(g) = 3*g**2. Let a(w) = -2*w + 6. Let z be a(5). Let x(f) be the first derivative of -f**4/4 - 5*f**3/3 - 5*f**2/2 - 5*f - 19. Let p be x(z). Give n(p).
3
Let b(o) be the first derivative of -o**4/4 - o**3/3 - o**2/2 - o - 332. Give b(-3).
20
Let w(v) = -18*v**2 - v. Let q = 8 + 17. Let y = 24 - q. Give w(y).
-17
Let u(i) = i - 2. Let r(v) = -4. Let l(s) = -2*r(s) - u(s). What is l(13)?
-3
Let f(k) = k + 3. Suppose 0*r + 36 = 3*r. Let g be 3 + r/(-3 + -1). Calculate f(g).
3
Suppose 5*i - 19 = 3*d, i + d + 6 - 5 = 0. Let x(y) = -2*y. Let b(o) = o + 1. Let t(u) = 3*b(u) + 4*x(u). Determine t(i).
-7
Let o(c) be the third derivative of c**7/5040 + c**6/144 + 7*c**5/60 - 11*c**2. Let i(s) be the third derivative of o(s). Calculate i(0).
5
Let h(n) be the first derivative of -n**4/4 + 2*n**3/3 - n**2/2 + 4*n + 124. What is h(0)?
4
Let z(i) = i**3 - 4*i**2 - i + 1. Let s(h) = -h - 6. Let r be s(-5). Suppose -3*y = 2*a - 15, 4 = 3*y + 1. Let p be r*6*a/(-9). Calculate z(p).
-3
Let y(d) = -d**2 - 7*d - 1. Let t(c) be the first derivative of -4*c**3/3 - 27*c**2/2 - 3*c - 17. Let a(v) = -2*t(v) + 9*y(v). Determine a(-6).
15
Let a = -152 - -138. Let k(y) = -3*y**3 + 3*y**3 - y**3 - 14*y**2 - 13 - y. Let q be k(a). Let x(i) = -3*i**3 + i**2 + i - 1. Give x(q).
-2
Suppose 7*b + 13 = 97. Let j be (b/8)/((-3)/8). Let w(k) = 3*k + 4. Let c(g) = -2*g - 3. Let y(n) = j*c(n) - 3*w(n). Calculate y(3).
-3
Let j(v) = -v**3 + 7*v**2 - 3. Let o(b) = 1. Let n(u) = -j(u) - 6*o(u). Give n(3).
-39
Let p(w) = -w + 2. Let o be p(0). Let m(k) = -k**3 + 1 - k + 2 + 6*k**o + 0. Let x be (-126 - -133)*(-6)/7 + -1 + 13. Give m(x).
-3
Let m(y) = -y**3 + 4*y**2 - y - 2. Let x be m(4). Let g(d) = -595*d + 8 - 595*d + 1788*d - 599*d. Calculate g(x).
14
Suppose -4*z = -1 - 15. Let d(v) = z*v - 3*v - v + 6*v - 2. Calculate d(2).
10
Let a be (-6)/20 + 14/(-20). Let y(q) = -q + 1. Let r(d) = -5*d**2 + 6*d - 3. Let h(t) = r(t) + 4*y(t). Determine h(a).
-6
Let a(t) be the second derivative of -t**5/20 - 7*t**4/12 - t**3/2 - 15*t**2/2 - 115*t. Give a(-7).
6
Let d(s) = 605*s**2 - 88*s. Let w(x) = -21*x**2 + 3*x. Let y(n) = -3*d(n) - 88*w(n). Give y(-1).
33
Let x(q) be the third derivative of q**4/12 + 7*q**3/6 - q**2 + 1. Calculate x(-7).
-7
Let p(y) = 116*y**2 + y**3 + 109*y**2 - 4 - 339*y**2 + 113*y**2. Let z be (-4)/(-14) - (-2)/(-7). Give p(z).
-4
Let g(m) = m**2 + 3*m - 6. Let q(x) = -2*x**2 - 5*x + 11. Let k = 32 - 29. Let v(u) = k*q(u) + 5*g(u). Determine v(-3).
-6
Let s(t) = 3*t - 1. Suppose 3*b = 9, -4*w + b - 6*b + 11 = 0. What is s(w)?
-4
Let w = -11 - -10. Let b be w*2/3*6. Let f(k) = k**3 + 3*k**2 - 2 + 11*k - 5*k - 8*k. Calculate f(b).
-10
Let b(t) = 310*t**3 - 159*t**3 - 150*t**3 + 3*t**2 - 3*t. Give b(-4).
-4
Suppose 3*c - 10 = -193*x + 192*x, -5*c = 4*x - 40. Let h(q) = -q**3 + 9*q**2 + 7*q - 7. Give h(x).
-37
Let r(v) = v**2 - 2. Suppose t + 73 = 2*j, -5*t - 5*j = -6*t - 58. Let z = t - -85. What is r(z)?
2
Let x(q) = -q**2 + 5*q - 1. Let t(d) = 2*d + 4*d - 4*d**2 + 2*d**2. Let y(c) = 3*t(c) - 4*x(c). Give y(3).
-20
Let s be (-12)/18 + (-4)/(-6). Let w(t) be the second derivative of t**3/6 - t**2/2 - t. Let m be w(s). Let a(z) = -4*z**3 - 2*z - 1. Calculate a(m).
5
Let p(g) be the first derivative of -5*g**2 - 37*g - 589. What is p(-3)?
-7
Let b(r) = r**3 + 2*r**2 + 5*r + 5. Suppose -25 = 7*c + 3. Determine b(c).
-47
Let t be (-96)/36*42/(-8)*1. Let r be (-44)/7 + 4/t. Let l(h) = h**2 + 7*h + 4. What is l(r)?
-2
Let w(x) = x**3 + 2*x**2 + 3*x + 3. Let u(l) = -l**2 - 12*l. Let t be u(-11). Suppose -2*r - t = -7. What is w(r)?
-3
Suppose n + 4*o - 22 = -4*n, 5*n - 36 = 3*o. Let t be n/9 - (-6)/(-9). Let x(f) = -f**3 + t*f**3 + 7 - 5 + 3*f**2. Calculate x(2).
6
Let v be (5*-1)/((-150)/60). Let k(m) be the first derivative of -7*m - 1 - 1/3*m**3 + 0*m**v. Give k(0).
-7
Let a(w) = -8*w**2 + w**3 - 1702 + 7*w + 1686 + 3*w. Let d be a(7). Let l(z) = z - 3. Calculate l(d).
2
Let g(q) = -3996*q + q**2 - 19 + 7 + 4006*q. Calculate g(-5).
-37
Let k = -7 - -5. Let y be k/(-5) + (-144)/(-40). Suppose 0 = -2*i - i - 2*s - 1, -y = 2*i + 2*s. Let f(t) = t**3 - 3*t**2 + 2*t + 3. Give f(i).
9
Let i(k) = -2*k. Let b = 7 + 4. Suppose -10*v = v + b. Determine i(v).
2
Let t(g) be the first derivative of -2*g**2 + 1/3*g**3 - 4*g + 1. Suppose 50 = 4*q + 34. Calculate t(q).
-4
Suppose 0 = 4*y - 10 + 30. Let r(v) = -2*v**2 + 15*v - 4. Let u(z) = 3*z**2 - 23*z + 6. Let p(l) = y*u(l) - 8*r(l). What is p(4)?
-2
Let x be -8*((-21)/6 + 3). Suppose 0 = -f + 2*w + 11, 2*f - w = x + 6. Let q(t) = -t**f + 0 - 8*t**2 - 2*t**3 + 4*t**3 + 4. What is q(8)?
4
Let a(s) = 15 - 3*s + s**2 + 28*s - 17*s. Let t(f) = -f**2 + 3*f - 2. Let w be t(4). Let u be a(w). Let c(y) = -2*y**2 + 4*y - 1. Calculate c(